he prime factors of b.
2
Suppose -2*a = 2*z - 518, -4*a + 4*z + 1205 - 129 = 0. What are the prime factors of a?
2, 3, 11
Let o = 5 + -5. Suppose o*d + d = 5. Suppose 3*k - d*k + 45 = 5*z, -5*z + 2*k = -45. What are the prime factors of z?
3
Let l be (0 + 1)*(-18 + -1). Let p be (-1 + 23)/((-6)/9). Let d = l - p. List the prime factors of d.
2, 7
Suppose v - 2*p = 80, 9*v - 426 = 4*v - 3*p. List the prime factors of v.
2, 3, 7
Let x(w) = 37*w**3 + 3*w**2 - 3*w + 2. List the prime factors of x(1).
3, 13
Let c be ((-4)/12)/((-2)/90). Suppose 3*p - 12 = c. List the prime factors of p.
3
Let u = 7 - 3. Suppose -4*g - 16 = 8*o - u*o, 3*g - 2*o = 8. Suppose 4*x + g*z + z = 25, -10 = -2*z. What are the prime factors of x?
5
Let v(r) = 2*r**2 + 4*r + 3. Let x be (4/(-10))/(2/10). Let m be v(x). Suppose -n + 2*b - m*b + 9 = 0, 0 = -n + 5*b - 15. What are the prime factors of n?
5
Let w = -445 - -794. List the prime factors of w.
349
Suppose 1 = 3*z - 5. Let l be 2 + 9*1 + -1. Suppose -p + l = -z. What are the prime factors of p?
2, 3
Suppose -2 = 2*j - 0*j, -5*n + 2*j + 402 = 0. What are the prime factors of n?
2, 5
Let u = 41 + 67. List the prime factors of u.
2, 3
Let k(x) = -2*x**2 + x**2 + 12*x - 11 + 3. Let i be k(9). Suppose -3*p - 38 + 5 = -3*t, t + i = -5*p. What are the prime factors of t?
2, 3
Let q = -5 + 8. Let d = q + 7. Let u = 2 + d. List the prime factors of u.
2, 3
What are the prime factors of (-38)/(-133) + (-397)/(-7)?
3, 19
Suppose 4*j + 4*h - 92 = 0, 0 = -j + 4*h - 2*h + 17. What are the prime factors of j?
3, 7
Let j = -8 - 13. Let g be j/(-14)*8/6. Suppose g*u - 2 = 16. List the prime factors of u.
3
Let w = -15 + 8. Suppose 6*k - k - 45 = 0. Let s = w + k. What are the prime factors of s?
2
Let j(l) = l - 2. Suppose 5*o - 25 = -0*o. Suppose 0 = 3*a + o*b - 3, -10 = 4*b + 2. What are the prime factors of j(a)?
2
Let c(k) = -k**3 - k + 1. Let p be 3/2 + 6/(-12). Let a(h) = 3*h**3 + 4*h**2 + 4*h - 2. Let i(f) = p*a(f) + 4*c(f). What are the prime factors of i(3)?
11
Let f(b) = b**3 + 6*b**2 + 2. Let m = -17 - -11. Let i be f(m). What are the prime factors of 5 + 2 + (i - 2)?
7
Suppose 2*c = -2*x - 3*x - 37, c - 2*x + 5 = 0. Let g(n) = -n**3 + n**2 - 20. Let j be g(0). Let q = c - j. What are the prime factors of q?
3
Suppose 0*j + 3*j + 21 = 0. Let m(g) = g**3 + 8*g**2 + 5*g - 2. List the prime factors of m(j).
2, 3
Let s(o) be the third derivative of 11/60*o**5 - 5/6*o**3 + 2*o**2 - 1/120*o**6 + 0*o + 0 + 1/24*o**4. List the prime factors of s(11).
2, 3
Let q be 2 - 3 - (2 + -3). Suppose 4*u + 6*k = k - 25, q = u + 2*k + 4. Let a = -7 - u. What are the prime factors of a?
3
Let a(i) = i**2 - 1. Let o(m) = m**2 - m + 20. Let y(b) = -2*a(b) + o(b). What are the prime factors of y(0)?
2, 11
Let v(m) = m**2 - 3*m + 2. Let f be v(5). Suppose -g + f = -4. Suppose 2*n - g = -0*n + z, -z = 0. What are the prime factors of n?
2
Suppose b + m + 18 = 6*b, -4*m = -5*b + 27. Let r = 28 + -16. Suppose 3*v = b*q - 24, -3*q = -2*q - 2*v - r. What are the prime factors of q?
2
Suppose -3*m = 0, -4*m + 7*m = -5*u + 5. Suppose 0 = -4*v + 7 + 9. Let k = v - u. What are the prime factors of k?
3
Let q(t) = -2*t - 5. Suppose 7*k = 2*k + 25. Suppose -5*v = -2*j + 3*j + 49, -2*j = k*v + 53. List the prime factors of q(v).
13
Suppose 3*c = 21 + 33. Suppose 3*n - 3*t - 6 = 12, 4*n - t = 15. Suppose 5*a - i = 42, n*i = a - 2*i - c. What are the prime factors of a?
2
Suppose -3*p = -j + 25, -5*j + 267 = -p + 86. What are the prime factors of j?
37
Let f(b) = -b**3 + 4*b**2 - 4*b + 3. Let l be f(2). Suppose 5*i + 5*t = -15, 5*i + 0*t - t - l = 0. Suppose -o + 12 = -i*o. List the prime factors of o.
2, 3
Let r = -4 + 6. Suppose -d = -2*v - r*d + 7, 3*v = 2*d + 7. Suppose 0 = v*b - 18. What are the prime factors of b?
2, 3
Suppose 2*w + m - 5 = -0, 0 = -5*w + 5*m + 5. Suppose w*b = b + 52. Suppose 3*q + 3*v = 72, -q + b = 2*q - v. What are the prime factors of q?
19
Let q(z) be the first derivative of 7/3*z**3 - 1/4*z**4 - 4*z**2 + 5*z - 4. List the prime factors of q(5).
3, 5
Suppose 5*k - 3*d = k + 1049, 0 = k - 4*d - 272. What are the prime factors of k?
2, 5, 13
Let d be ((-3)/6)/(3/(-306)). Let y = d + -35. What are the prime factors of y?
2
Suppose 0 = -4*r + 6*r. Let o be (r + 2)*3*4. What are the prime factors of 116/o + 3/18?
5
Let g be 5/(10/32) - 0. Suppose 2*b - 14 = g. What are the prime factors of b?
3, 5
Let t be 6 + (-5)/((-5)/2). Let z be 2/t - (-117)/12. List the prime factors of (4/z)/((-2)/(-10)).
2
Let m = 5 - -5. Let t = m - 2. List the prime factors of t.
2
Suppose -147 = -3*i - 651. List the prime factors of i/(-32)*(1 + 7).
2, 3, 7
Suppose 4*d - 50 = -d. Suppose 4*f - q - 26 = 0, -3*q = -3*f - 8*q + 8. Suppose -m = -f*m + d. What are the prime factors of m?
2
Suppose 0 = 8*n - 3*n - 200. Suppose -5*z + 36 = -0*b + b, n = 4*z - 2*b. What are the prime factors of z?
2
Let x(o) = 4*o - 5. Let q(p) = -7*p + 10. Let f(w) = 3*q(w) + 5*x(w). Let h = 0 - 5. List the prime factors of f(h).
2, 5
Suppose -h = -2*h - 39. Let l be h/15 - (-2)/(-5). What are the prime factors of (-8 - 6/l)*-1?
2, 3
Suppose 3*j - 2 = 4. Suppose j*g = 5*s + 7 + 4, 0 = 5*g - s - 16. Suppose 5*l - z = 40, 2*l + g*z = 6*l - 43. What are the prime factors of l?
7
Suppose 13 = 2*l + 5. Let s be 2/((-4)/3 - -2). List the prime factors of 0*s/(-6) + l.
2
Let a be ((-56)/20)/2*5. Let w = a + 17. List the prime factors of w.
2, 5
Suppose 2*v + 7*v = 540. What are the prime factors of v?
2, 3, 5
Suppose -50 = a - 17. What are the prime factors of (-2 + 1)/(3/a)?
11
Let s(h) = -h. Let v be s(-5). Let i be 2 + 6 + 3/(-1). Suppose -i*j + 5*r = -45, 0 = -v*j - 3*r - 2*r + 75. List the prime factors of j.
2, 3
Let n = 8 + -6. Suppose -j = -n*x - 0*x + 27, 2*j = -10. Suppose -2*t + x = -5. List the prime factors of t.
2
Let c(x) = x**2 - 3*x - 6. Let m(i) be the first derivative of 7*i**3/3 - i + 3. Let l be m(-1). What are the prime factors of c(l)?
2, 3
Let h be -2*(2 - 4 - 0). Suppose -z = -4*d - 3*z - 4, 5*z - 14 = 2*d. Let l = h - d. What are the prime factors of l?
2, 3
Let a be 27/(-3 - 0) - -3. Let f = a - -9. What are the prime factors of f?
3
Suppose 3*r = r + 2. Suppose -2*f = -3 - r. Suppose -c + 9 = f*c. List the prime factors of c.
3
Let o(s) = 11*s + 4. What are the prime factors of o(3)?
37
Suppose -4*c = -2*c. Let j(n) = -n - 21. Let d be j(c). Let f = -12 - d. List the prime factors of f.
3
Suppose 5*y = -5*i + 100, 2*y + 3*i - 75 = -2*y. Suppose 2*r - 3*r = -y. What are the prime factors of r?
3, 5
Suppose -5*c + 87 = -23. What are the prime factors of c?
2, 11
Suppose -2*k = -2*n + 244, 3*n + 2*n + 5*k = 630. List the prime factors of n.
2, 31
Suppose -8*y + 5 = -3*y. Suppose -12 = n + 4*i, 3 = 4*n - i - 0. Suppose -r - y + 3 = n. List the prime factors of r.
2
Let m(k) = 5*k. Let n be -2 + 4/1 + 0. Let b be m(n). Let q(j) = j**2 - 10*j + 2. What are the prime factors of q(b)?
2
Let n be -1 + 2 + (3 - 1). Let y be 2*10*(13/4 - 3). Let j = y + n. What are the prime factors of j?
2
Let p = 9 + 15. What are the prime factors of p?
2, 3
Let a(s) be the second derivative of 2*s**3/3 - s**2/2 + 4*s. What are the prime factors of a(8)?
31
Let p = -576 - -911. List the prime factors of p.
5, 67
Suppose 7 = h - 3*u, 54 = 4*h + h + 4*u. What are the prime factors of h?
2, 5
Let z = -1 - -29. List the prime factors of z.
2, 7
Let u(k) = 2*k**2 + 5*k + 11. List the prime factors of u(6).
113
Let v be (2 + -3 - -1)/2. Suppose v*i = i - 9. What are the prime factors of i?
3
Suppose 4*k - 10 = -2. Suppose 4*j + 54 = -3*o + 5*o, 98 = 4*o + k*j. List the prime factors of o.
5
Let z = 0 + -10. Let n be 5*2*75/z. List the prime factors of ((-4)/10)/(3/n).
2, 5
Suppose 285 = 4*n + n. List the prime factors of n.
3, 19
List the prime factors of 1/((-9)/3*(-5)/1455).
97
Let n be 1/(3/(-90)*-2). Let i = n - 10. List the prime factors of i.
5
Let j = -24 + 86. List the prime factors of j.
2, 31
Let d(v) = 8*v**2 - v + 2. What are the prime factors of d(-2)?
2, 3
Suppose 0 = 2*t - 4*g - 144, 2*g - 5*g = -t + 76. List the prime factors of t.
2
Suppose -2*p + 52 = -6. Let d = p - 20. What are the prime factors of d?
3
Let l be 6*1/2*1. Suppose 2*x + j - 1 = 0, l*x - j + 5 = 7*x. List t